{"id":511,"date":"2015-05-23T17:52:20","date_gmt":"2015-05-23T16:52:20","guid":{"rendered":"http:\/\/www.festivalloket.cz\/homepage-2\/"},"modified":"2015-06-19T08:33:38","modified_gmt":"2015-06-19T07:33:38","slug":"homepage","status":"publish","type":"page","link":"https:\/\/www.festivalloket.cz\/de\/","title":{"rendered":"Homepage"},"content":{"rendered":"<h2>Loketsk\u00e9 kulturn\u00ed l\u00e9to<\/h2>\n<p>Opera, \u010dinohra i velkolep\u00fd koncert.<br \/>\nTo v\u0161e\u00a0V\u00e1s \u010dek\u00e1 tento rok pod \u0161ir\u00fdm nebem v Lokti.<\/p>\n","protected":false},"excerpt":{"rendered":"<p>Loketsk\u00e9 kulturn\u00ed l\u00e9to Opera, \u010dinohra i velkolep\u00fd koncert. To v\u0161e\u00a0V\u00e1s \u010dek\u00e1 tento rok pod \u0161ir\u00fdm nebem v Lokti.<\/p>\n","protected":false},"author":1,"featured_media":0,"parent":0,"menu_order":0,"comment_status":"closed","ping_status":"closed","template":"homepage.php","meta":{"_acf_changed":false,"footnotes":""},"acf":[],"_links":{"self":[{"href":"https:\/\/www.festivalloket.cz\/de\/wp-json\/wp\/v2\/pages\/511"}],"collection":[{"href":"https:\/\/www.festivalloket.cz\/de\/wp-json\/wp\/v2\/pages"}],"about":[{"href":"https:\/\/www.festivalloket.cz\/de\/wp-json\/wp\/v2\/types\/page"}],"author":[{"embeddable":true,"href":"https:\/\/www.festivalloket.cz\/de\/wp-json\/wp\/v2\/users\/1"}],"replies":[{"embeddable":true,"href":"https:\/\/www.festivalloket.cz\/de\/wp-json\/wp\/v2\/comments?post=511"}],"version-history":[{"count":7,"href":"https:\/\/www.festivalloket.cz\/de\/wp-json\/wp\/v2\/pages\/511\/revisions"}],"predecessor-version":[{"id":662,"href":"https:\/\/www.festivalloket.cz\/de\/wp-json\/wp\/v2\/pages\/511\/revisions\/662"}],"wp:attachment":[{"href":"https:\/\/www.festivalloket.cz\/de\/wp-json\/wp\/v2\/media?parent=511"}],"curies":[{"name":"wp","href":"https:\/\/api.w.org\/{rel}","templated":true}]}}

<h2>Loketské kulturní léto</h2>
<p>Opera, činohra i velkolepý koncert.<br />
To vše Vás čeká tento rok pod širým nebem v Lokti.</p>

<p>Loketské kulturní léto Opera, činohra i velkolepý koncert. To vše Vás čeká tento rok pod širým nebem v Lokti.</p>
